{"id":2022,"date":"2021-01-12T17:26:19","date_gmt":"2021-01-12T16:26:19","guid":{"rendered":"http:\/\/comitevolley53.fr\/?page_id=2022"},"modified":"2021-06-14T13:28:20","modified_gmt":"2021-06-14T11:28:20","slug":"newsletters","status":"publish","type":"page","link":"https:\/\/comitevolley53.fr\/index.php\/newsletters\/","title":{"rendered":"Newsletters"},"content":{"rendered":"\t\t<div data-elementor-type=\"wp-page\" data-elementor-id=\"2022\" class=\"elementor elementor-2022\">\n\t\t\t\t\t\t<section class=\"elementor-section elementor-top-section elementor-element elementor-element-33a908d elementor-section-boxed elementor-section-height-default elementor-section-height-default\" data-id=\"33a908d\" data-element_type=\"section\" data-e-type=\"section\">\n\t\t\t\t\t\t<div class=\"elementor-container elementor-column-gap-default\">\n\t\t\t\t\t<div class=\"elementor-column elementor-col-100 elementor-top-column elementor-element elementor-element-a5a1522\" data-id=\"a5a1522\" data-element_type=\"column\" data-e-type=\"column\">\n\t\t\t<div class=\"elementor-widget-wrap elementor-element-populated\">\n\t\t\t\t\t\t<div class=\"elementor-element elementor-element-1646d85 elementor-widget elementor-widget-text-editor\" data-id=\"1646d85\" data-element_type=\"widget\" data-e-type=\"widget\" data-widget_type=\"text-editor.default\">\n\t\t\t\t<div class=\"elementor-widget-container\">\n\t\t\t\t\t\t\t\t\t<h4 style=\"text-align: center;\"><a href=\"https:\/\/5uhm8.r.a.d.sendibm1.com\/mk\/mr\/C3TdByUg_WfQT8xwocB5zzn54OxAyguDAm1WXra9xTujN3gavGfaVzJRPbLoHd7hywpR4IhXCBr9DKkFWiqqwUmEWUItFVcAfNNN_O7F\"><span style=\"color: #ff0000;\"><strong>NEWSLETTER JUIN 2021<\/strong><\/span><\/a><\/h4><p style=\"text-align: center;\"><strong>(Venue de l&rsquo;\u00e9quipe de France F\u00e9minine du 5 au 17 Ao\u00fbt 2021)<\/strong><\/p><h4>\u00a0<\/h4><h4 style=\"text-align: center;\"><a href=\"https:\/\/5uhm8.r.ah.d.sendibm4.com\/mk\/mr\/sfzttOaBRvjb7MG9GQMU-2lEf8JA67rGu5tyT34mJJeQKTZxQLzmjUbDinUAwAucTh08anyeS4qXLspVdB4w1XK7wDXk88trzC9WI7FBM6qe\"><span style=\"color: #ff0000;\"><strong>NEWSLETTER JANVIER 2021<\/strong><\/span><\/a><\/h4><p style=\"text-align: center;\"><strong>(voeux, reprise championnats d\u00e9partementaux, application, renforcement musculaire)<\/strong><\/p>\t\t\t\t\t\t\t\t<\/div>\n\t\t\t\t<\/div>\n\t\t\t\t\t<\/div>\n\t\t<\/div>\n\t\t\t\t\t<\/div>\n\t\t<\/section>\n\t\t\t\t<\/div>\n\t\t","protected":false},"excerpt":{"rendered":"<p>NEWSLETTER JUIN 2021 (Venue de l&rsquo;\u00e9quipe de France F\u00e9minine du 5 au 17 Ao\u00fbt 2021) \u00a0 NEWSLETTER JANVIER 2021 (voeux, reprise championnats d\u00e9partementaux, application, renforcement musculaire)<\/p>\n","protected":false},"author":1,"featured_media":0,"parent":0,"menu_order":0,"comment_status":"closed","ping_status":"closed","template":"","meta":{"footnotes":""},"class_list":["post-2022","page","type-page","status-publish","hentry"],"_links":{"self":[{"href":"https:\/\/comitevolley53.fr\/index.php\/wp-json\/wp\/v2\/pages\/2022","targetHints":{"allow":["GET"]}}],"collection":[{"href":"https:\/\/comitevolley53.fr\/index.php\/wp-json\/wp\/v2\/pages"}],"about":[{"href":"https:\/\/comitevolley53.fr\/index.php\/wp-json\/wp\/v2\/types\/page"}],"author":[{"embeddable":true,"href":"https:\/\/comitevolley53.fr\/index.php\/wp-json\/wp\/v2\/users\/1"}],"replies":[{"embeddable":true,"href":"https:\/\/comitevolley53.fr\/index.php\/wp-json\/wp\/v2\/comments?post=2022"}],"version-history":[{"count":6,"href":"https:\/\/comitevolley53.fr\/index.php\/wp-json\/wp\/v2\/pages\/2022\/revisions"}],"predecessor-version":[{"id":2114,"href":"https:\/\/comitevolley53.fr\/index.php\/wp-json\/wp\/v2\/pages\/2022\/revisions\/2114"}],"wp:attachment":[{"href":"https:\/\/comitevolley53.fr\/index.php\/wp-json\/wp\/v2\/media?parent=2022"}],"curies":[{"name":"wp","href":"https:\/\/api.w.org\/{rel}","templated":true}]}}