{"id":3057,"date":"2023-05-11T10:20:27","date_gmt":"2023-05-11T08:20:27","guid":{"rendered":"http:\/\/comitevolley53.fr\/?page_id=3057"},"modified":"2023-05-25T10:11:15","modified_gmt":"2023-05-25T08:11:15","slug":"challenger-cup-juillet-2023","status":"publish","type":"page","link":"https:\/\/comitevolley53.fr\/index.php\/challenger-cup-juillet-2023\/","title":{"rendered":"CHALLENGER CUP JUILLET 2023"},"content":{"rendered":"\t\t<div data-elementor-type=\"wp-page\" data-elementor-id=\"3057\" class=\"elementor elementor-3057\">\n\t\t\t\t\t\t<section class=\"elementor-section elementor-top-section elementor-element elementor-element-6abc02e elementor-section-boxed elementor-section-height-default elementor-section-height-default\" data-id=\"6abc02e\" data-element_type=\"section\" data-e-type=\"section\">\n\t\t\t\t\t\t<div class=\"elementor-container elementor-column-gap-default\">\n\t\t\t\t\t<div class=\"elementor-column elementor-col-100 elementor-top-column elementor-element elementor-element-7c1566d\" data-id=\"7c1566d\" data-element_type=\"column\" data-e-type=\"column\">\n\t\t\t<div class=\"elementor-widget-wrap elementor-element-populated\">\n\t\t\t\t\t\t<div class=\"elementor-element elementor-element-f17073c elementor-position-top elementor-widget elementor-widget-image-box\" data-id=\"f17073c\" data-element_type=\"widget\" data-e-type=\"widget\" data-widget_type=\"image-box.default\">\n\t\t\t\t<div class=\"elementor-widget-container\">\n\t\t\t\t\t<div class=\"elementor-image-box-wrapper\"><figure class=\"elementor-image-box-img\"><a href=\"https:\/\/app.qoezion.com\/go\/events\/0de95e79-108c-4808-ae4d-2ecdfb30e849\" target=\"_blank\" tabindex=\"-1\"><img fetchpriority=\"high\" decoding=\"async\" width=\"649\" height=\"356\" src=\"https:\/\/comitevolley53.fr\/wp-content\/uploads\/2023\/05\/benevoles.png\" class=\"attachment-full size-full wp-image-3085\" alt=\"\" srcset=\"https:\/\/comitevolley53.fr\/wp-content\/uploads\/2023\/05\/benevoles.png 649w, https:\/\/comitevolley53.fr\/wp-content\/uploads\/2023\/05\/benevoles-600x329.png 600w, https:\/\/comitevolley53.fr\/wp-content\/uploads\/2023\/05\/benevoles-300x165.png 300w\" sizes=\"(max-width: 649px) 100vw, 649px\" \/><\/a><\/figure><div class=\"elementor-image-box-content\"><h3 class=\"elementor-image-box-title\"><a href=\"https:\/\/app.qoezion.com\/go\/events\/0de95e79-108c-4808-ae4d-2ecdfb30e849\" target=\"_blank\">ENVIE D'\u00caTRE BENEVOLE? Il suffit de cliquer sur l'image<\/a><\/h3><\/div><\/div>\t\t\t\t<\/div>\n\t\t\t\t<\/div>\n\t\t\t\t\t<\/div>\n\t\t<\/div>\n\t\t\t\t\t<\/div>\n\t\t<\/section>\n\t\t\t\t<section class=\"elementor-section elementor-top-section elementor-element elementor-element-7a9a7b0 elementor-section-boxed elementor-section-height-default elementor-section-height-default\" data-id=\"7a9a7b0\" data-element_type=\"section\" data-e-type=\"section\">\n\t\t\t\t\t\t<div class=\"elementor-container elementor-column-gap-default\">\n\t\t\t\t\t<div class=\"elementor-column elementor-col-100 elementor-top-column elementor-element elementor-element-61e19b2\" data-id=\"61e19b2\" data-element_type=\"column\" data-e-type=\"column\">\n\t\t\t<div class=\"elementor-widget-wrap elementor-element-populated\">\n\t\t\t\t\t\t<div class=\"elementor-element elementor-element-fa47bff elementor-widget elementor-widget-text-editor\" data-id=\"fa47bff\" data-element_type=\"widget\" data-e-type=\"widget\" data-widget_type=\"text-editor.default\">\n\t\t\t\t<div class=\"elementor-widget-container\">\n\t\t\t\t\t\t\t\t\t<h4>La Volleyball Challenger Cup f\u00e9minine se d\u00e9roulera du 27 au 30 juillet \u00e0 \u00ab\u00a0Espace Mayenne\u00a0\u00bb \u00e0 Laval ! Cette comp\u00e9tition d\u2019accession permet \u00e0 l\u2019\u00e9quipe gagnante de participer l\u2019ann\u00e9e suivante \u00e0 la Volleyball Nations League. Ainsi, durant 4 jours, huit nations s\u2019affronteront selon une formule d&rsquo;\u00e9limination directe.<\/h4><h4><strong>LA France en tant que pays h\u00f4te de l&rsquo;\u00e9v\u00e9nement a une place garantie pour le tournoi et sera plac\u00e9e en premi\u00e8re position.\u00a0<\/strong>Les sept pays restants sont plac\u00e9s de la 2\u00e8me \u00e0 la 8\u00e8me position selon le classement mondial de la F\u00e9d\u00e9ration Internationale de Volleyball au mois de juillet 2023.<\/h4><table border=\"0\" width=\"100%\" cellspacing=\"0\" cellpadding=\"0\"><tbody><tr><td class=\"x_r3-c\" align=\"center\"><table class=\"x_r11-o\" border=\"0\" width=\"100%\" cellspacing=\"0\" cellpadding=\"0\"><tbody><tr><td class=\"x_r27-i\"><table border=\"0\" width=\"100%\" cellspacing=\"0\" cellpadding=\"0\"><tbody><tr><th class=\"x_r6-c\" valign=\"top\" width=\"100%\"><table class=\"x_r7-o\" border=\"0\" width=\"100%\" cellspacing=\"0\" cellpadding=\"0\"><tbody><tr><td class=\"x_r8-i\" valign=\"top\"><table border=\"0\" width=\"100%\" cellspacing=\"0\" cellpadding=\"0\"><tbody><tr><td class=\"x_r13-c\" align=\"left\"><table class=\"x_r14-o\" border=\"0\" width=\"100%\" cellspacing=\"0\" cellpadding=\"0\"><tbody><tr><td class=\"x_r15-i x_nl2go-default-textstyle\" align=\"center\" valign=\"top\"><div><h3 style=\"text-align: center;\"><strong>LE PROGRAMME<\/strong><\/h3><\/div><\/td><\/tr><\/tbody><\/table><\/td><\/tr><\/tbody><\/table><\/td><\/tr><\/tbody><\/table><\/th><\/tr><\/tbody><\/table><\/td><\/tr><\/tbody><\/table><\/td><\/tr><tr><td class=\"x_r3-c\" align=\"center\"><table class=\"x_r11-o\" border=\"0\" width=\"100%\" cellspacing=\"0\" cellpadding=\"0\"><tbody><tr><td class=\"x_r28-i\"><table border=\"0\" width=\"100%\" cellspacing=\"0\" cellpadding=\"0\"><tbody><tr><th class=\"x_r6-c\" valign=\"top\" width=\"100%\"><table class=\"x_r7-o\" border=\"0\" width=\"100%\" cellspacing=\"0\" cellpadding=\"0\"><tbody><tr><td class=\"x_r8-i\" valign=\"top\"><table border=\"0\" width=\"100%\" cellspacing=\"0\" cellpadding=\"0\"><tbody><tr><td class=\"x_r13-c\" align=\"left\"><table class=\"x_r14-o\" border=\"0\" width=\"100%\" cellspacing=\"0\" cellpadding=\"0\"><tbody><tr><td class=\"x_r24-i x_nl2go-default-textstyle\" align=\"center\" valign=\"top\"><div><p style=\"text-align: center;\"><strong>\u00a0<\/strong><strong><em><span style=\"text-decoration: underline;\">QUARTS DE FINALE<\/span><\/em> :<\/strong><\/p><p style=\"text-align: center;\">&#8211; \u00c9quipe de France contre \u00e9quipe class\u00e9e 8e \u2013 <strong>Jeudi 27 juillet 2023<\/strong><\/p><p style=\"text-align: center;\">&#8211; \u00c9quipe class\u00e9e 2e contre \u00e9quipe class\u00e9e 7e \u2013 <strong>Jeudi 27 juillet 2023<\/strong><\/p><p style=\"text-align: center;\">&#8211; \u00c9quipe class\u00e9e 3e contre \u00e9quipe class\u00e9e 6e \u2013 <strong>Vendredi 28 juillet 2023<\/strong><\/p><p style=\"text-align: center;\">&#8211; \u00c9quipe class\u00e9e 4e contre \u00e9quipe class\u00e9e 5e \u2013 <strong>Vendredi 28 juillet 2023<\/strong><\/p><p style=\"text-align: center;\"><strong><span style=\"text-decoration: underline;\"><em>DEMI-FINALES<\/em><\/span> :<\/strong><\/p><p style=\"text-align: center;\">&#8211; Vainqueur QF1 vs Vainqueur QF4 \u2013<strong>\u00a0Samedi 29 juillet 2023<\/strong><\/p><p style=\"text-align: center;\">&#8211; Vainqueur QF2 contre vainqueur QF3 \u2013 <strong>Samedi 29 juillet 2023<\/strong><\/p><p style=\"text-align: center;\"><strong><span style=\"text-decoration: underline;\"><em>FINALES<\/em> <\/span>:\u00a0<\/strong><\/p><p style=\"text-align: center;\">&#8211; Perdant SF1 contre perdant SF2 \u2013 <strong>Dimanche 30 juillet 2023<\/strong><\/p><p style=\"text-align: center;\">&#8211; Vainqueur SF1 vs Vainqueur SF2 \u2013 <strong>Dimanche 30 juillet 2023<\/strong><\/p><\/div><\/td><\/tr><\/tbody><\/table><\/td><\/tr><\/tbody><\/table><\/td><\/tr><\/tbody><\/table><\/th><\/tr><\/tbody><\/table><\/td><\/tr><\/tbody><\/table><\/td><\/tr><\/tbody><\/table>\t\t\t\t\t\t\t\t<\/div>\n\t\t\t\t<\/div>\n\t\t\t\t\t<\/div>\n\t\t<\/div>\n\t\t\t\t\t<\/div>\n\t\t<\/section>\n\t\t\t\t<section class=\"elementor-section elementor-top-section elementor-element elementor-element-07c3b3c elementor-section-boxed elementor-section-height-default elementor-section-height-default\" data-id=\"07c3b3c\" data-element_type=\"section\" data-e-type=\"section\">\n\t\t\t\t\t\t<div class=\"elementor-container elementor-column-gap-default\">\n\t\t\t\t\t<div class=\"elementor-column elementor-col-50 elementor-top-column elementor-element elementor-element-156bbf4\" data-id=\"156bbf4\" data-element_type=\"column\" data-e-type=\"column\">\n\t\t\t<div class=\"elementor-widget-wrap elementor-element-populated\">\n\t\t\t\t\t\t<div class=\"elementor-element elementor-element-864754e elementor-widget elementor-widget-image\" data-id=\"864754e\" data-element_type=\"widget\" data-e-type=\"widget\" data-widget_type=\"image.default\">\n\t\t\t\t<div class=\"elementor-widget-container\">\n\t\t\t\t\t\t\t\t\t\t\t\t<figure class=\"wp-caption\">\n\t\t\t\t\t\t\t\t\t\t\t<a href=\"http:\/\/r.news.ffvb.org\/mk\/cl\/f\/am13CYBpUOT84j_0AcCa3fAGWSVlLCQZZXuxFELfNb-vGtLGOBO9XmtFddKIaYrOsG2jaBnY5NO1GNxuMaYg2d6u6lP8kqjg3Wlvfu7Ia5PKTq3-XShDeHtc7M8lwtcI9pe0wcoTOpgD2yVIsjfrW5D_zkiYE1qpzyV4HiuEYs9GtOEkbJj1mAnc3QsSSgC70a3qxpbIsP2PoKpFcNRwkb87F-IexKgaxPgg6IZ-ZaPVjVIlcw\" target=\"_blank\">\n\t\t\t\t\t\t\t<img decoding=\"async\" width=\"640\" height=\"360\" src=\"https:\/\/comitevolley53.fr\/wp-content\/uploads\/2023\/05\/ATT00001-1024x576.jpg\" class=\"attachment-large size-large wp-image-3051\" alt=\"\" srcset=\"https:\/\/comitevolley53.fr\/wp-content\/uploads\/2023\/05\/ATT00001-1024x576.jpg 1024w, https:\/\/comitevolley53.fr\/wp-content\/uploads\/2023\/05\/ATT00001-600x338.jpg 600w, https:\/\/comitevolley53.fr\/wp-content\/uploads\/2023\/05\/ATT00001-300x169.jpg 300w, https:\/\/comitevolley53.fr\/wp-content\/uploads\/2023\/05\/ATT00001-768x432.jpg 768w, https:\/\/comitevolley53.fr\/wp-content\/uploads\/2023\/05\/ATT00001.jpg 1920w\" sizes=\"(max-width: 640px) 100vw, 640px\" \/>\t\t\t\t\t\t\t\t<\/a>\n\t\t\t\t\t\t\t\t\t\t\t<figcaption class=\"widget-image-caption wp-caption-text\"><\/figcaption>\n\t\t\t\t\t\t\t\t\t\t<\/figure>\n\t\t\t\t\t\t\t\t\t<\/div>\n\t\t\t\t<\/div>\n\t\t\t\t\t<\/div>\n\t\t<\/div>\n\t\t\t\t<div class=\"elementor-column elementor-col-50 elementor-top-column elementor-element elementor-element-f390762\" data-id=\"f390762\" data-element_type=\"column\" data-e-type=\"column\">\n\t\t\t<div class=\"elementor-widget-wrap elementor-element-populated\">\n\t\t\t\t\t\t<div class=\"elementor-element elementor-element-e1d0231 elementor-widget elementor-widget-image\" data-id=\"e1d0231\" data-element_type=\"widget\" data-e-type=\"widget\" data-widget_type=\"image.default\">\n\t\t\t\t<div class=\"elementor-widget-container\">\n\t\t\t\t\t\t\t\t\t\t\t\t\t\t\t\t<a href=\"http:\/\/comitevolley53.fr\/wp-content\/uploads\/2023\/05\/Article-OF-du-100520231024_1.jpg\" target=\"_blank\">\n\t\t\t\t\t\t\t<img decoding=\"async\" width=\"225\" height=\"300\" src=\"https:\/\/comitevolley53.fr\/wp-content\/uploads\/2023\/05\/Article-OF-du-100520231024_1-225x300.jpg\" class=\"attachment-medium size-medium wp-image-3064\" alt=\"\" srcset=\"https:\/\/comitevolley53.fr\/wp-content\/uploads\/2023\/05\/Article-OF-du-100520231024_1-225x300.jpg 225w, https:\/\/comitevolley53.fr\/wp-content\/uploads\/2023\/05\/Article-OF-du-100520231024_1-600x800.jpg 600w, https:\/\/comitevolley53.fr\/wp-content\/uploads\/2023\/05\/Article-OF-du-100520231024_1.jpg 666w\" sizes=\"(max-width: 225px) 100vw, 225px\" \/>\t\t\t\t\t\t\t\t<\/a>\n\t\t\t\t\t\t\t\t\t\t\t\t\t\t\t<\/div>\n\t\t\t\t<\/div>\n\t\t\t\t\t<\/div>\n\t\t<\/div>\n\t\t\t\t\t<\/div>\n\t\t<\/section>\n\t\t\t\t<\/div>\n\t\t","protected":false},"excerpt":{"rendered":"<p>ENVIE D&rsquo;\u00caTRE BENEVOLE? Il suffit de cliquer sur l&rsquo;image La Volleyball Challenger Cup f\u00e9minine se d\u00e9roulera du 27 au 30 juillet \u00e0 \u00ab\u00a0Espace Mayenne\u00a0\u00bb \u00e0 Laval ! Cette comp\u00e9tition d\u2019accession [&hellip;]<\/p>\n","protected":false},"author":1,"featured_media":0,"parent":0,"menu_order":0,"comment_status":"closed","ping_status":"closed","template":"","meta":{"footnotes":""},"class_list":["post-3057","page","type-page","status-publish","hentry"],"_links":{"self":[{"href":"https:\/\/comitevolley53.fr\/index.php\/wp-json\/wp\/v2\/pages\/3057","targetHints":{"allow":["GET"]}}],"collection":[{"href":"https:\/\/comitevolley53.fr\/index.php\/wp-json\/wp\/v2\/pages"}],"about":[{"href":"https:\/\/comitevolley53.fr\/index.php\/wp-json\/wp\/v2\/types\/page"}],"author":[{"embeddable":true,"href":"https:\/\/comitevolley53.fr\/index.php\/wp-json\/wp\/v2\/users\/1"}],"replies":[{"embeddable":true,"href":"https:\/\/comitevolley53.fr\/index.php\/wp-json\/wp\/v2\/comments?post=3057"}],"version-history":[{"count":11,"href":"https:\/\/comitevolley53.fr\/index.php\/wp-json\/wp\/v2\/pages\/3057\/revisions"}],"predecessor-version":[{"id":3087,"href":"https:\/\/comitevolley53.fr\/index.php\/wp-json\/wp\/v2\/pages\/3057\/revisions\/3087"}],"wp:attachment":[{"href":"https:\/\/comitevolley53.fr\/index.php\/wp-json\/wp\/v2\/media?parent=3057"}],"curies":[{"name":"wp","href":"https:\/\/api.w.org\/{rel}","templated":true}]}}