{"id":385,"date":"2019-05-02T12:37:51","date_gmt":"2019-05-02T10:37:51","guid":{"rendered":"http:\/\/comitevolley53.fr\/wp\/?page_id=385"},"modified":"2022-09-20T11:09:22","modified_gmt":"2022-09-20T09:09:22","slug":"smashy","status":"publish","type":"page","link":"https:\/\/comitevolley53.fr\/index.php\/smashy\/","title":{"rendered":"SMASHY"},"content":{"rendered":"\t\t<div data-elementor-type=\"wp-post\" data-elementor-id=\"385\" class=\"elementor elementor-385\">\n\t\t\t\t\t\t<section class=\"elementor-section elementor-top-section elementor-element elementor-element-9d0bbf9 elementor-section-boxed elementor-section-height-default elementor-section-height-default\" data-id=\"9d0bbf9\" data-element_type=\"section\" data-e-type=\"section\">\n\t\t\t\t\t\t<div class=\"elementor-container elementor-column-gap-default\">\n\t\t\t\t\t<div class=\"elementor-column elementor-col-100 elementor-top-column elementor-element elementor-element-b5af5ac\" data-id=\"b5af5ac\" data-element_type=\"column\" data-e-type=\"column\">\n\t\t\t<div class=\"elementor-widget-wrap elementor-element-populated\">\n\t\t\t\t\t\t<div class=\"elementor-element elementor-element-66a0dbd elementor-widget elementor-widget-text-editor\" data-id=\"66a0dbd\" data-element_type=\"widget\" data-e-type=\"widget\" data-widget_type=\"text-editor.default\">\n\t\t\t\t<div class=\"elementor-widget-container\">\n\t\t\t\t\t\t\t\t\t<h4>Planning des animations smashys Saison 2022\/2023 via ce <a href=\"http:\/\/comitevolley53.fr\/wp-content\/uploads\/2022\/09\/Planning-ecoles.pdf\">lien<\/a><\/h4><h4>\u00a0<\/h4>\t\t\t\t\t\t\t\t<\/div>\n\t\t\t\t<\/div>\n\t\t\t\t\t<\/div>\n\t\t<\/div>\n\t\t\t\t\t<\/div>\n\t\t<\/section>\n\t\t\t\t<section class=\"elementor-section elementor-top-section elementor-element elementor-element-77c5743 elementor-section-boxed elementor-section-height-default elementor-section-height-default\" data-id=\"77c5743\" data-element_type=\"section\" data-e-type=\"section\">\n\t\t\t\t\t\t<div class=\"elementor-container elementor-column-gap-default\">\n\t\t\t\t\t<div class=\"elementor-column elementor-col-50 elementor-top-column elementor-element elementor-element-2e6f50c\" data-id=\"2e6f50c\" data-element_type=\"column\" data-e-type=\"column\">\n\t\t\t<div class=\"elementor-widget-wrap elementor-element-populated\">\n\t\t\t\t\t\t<div class=\"elementor-element elementor-element-b3387b8 elementor-widget elementor-widget-image\" data-id=\"b3387b8\" data-element_type=\"widget\" data-e-type=\"widget\" data-widget_type=\"image.default\">\n\t\t\t\t<div class=\"elementor-widget-container\">\n\t\t\t\t\t\t\t\t\t\t\t\t\t\t\t<img decoding=\"async\" src=\"http:\/\/comitevolley53.fr\/wp-content\/uploads\/2020\/12\/IMG_20201214_154631.jpg\" title=\"\" alt=\"\" loading=\"lazy\" \/>\t\t\t\t\t\t\t\t\t\t\t\t\t\t\t<\/div>\n\t\t\t\t<\/div>\n\t\t\t\t\t<\/div>\n\t\t<\/div>\n\t\t\t\t<div class=\"elementor-column elementor-col-50 elementor-top-column elementor-element elementor-element-2c23f90\" data-id=\"2c23f90\" data-element_type=\"column\" data-e-type=\"column\">\n\t\t\t<div class=\"elementor-widget-wrap elementor-element-populated\">\n\t\t\t\t\t\t<div class=\"elementor-element elementor-element-6294e59 elementor-widget elementor-widget-image\" data-id=\"6294e59\" data-element_type=\"widget\" data-e-type=\"widget\" data-widget_type=\"image.default\">\n\t\t\t\t<div class=\"elementor-widget-container\">\n\t\t\t\t\t\t\t\t\t\t\t\t\t\t\t<img decoding=\"async\" src=\"http:\/\/comitevolley53.fr\/wp-content\/uploads\/2020\/12\/IMG_20201215_152058.jpg\" title=\"\" alt=\"\" loading=\"lazy\" \/>\t\t\t\t\t\t\t\t\t\t\t\t\t\t\t<\/div>\n\t\t\t\t<\/div>\n\t\t\t\t\t<\/div>\n\t\t<\/div>\n\t\t\t\t\t<\/div>\n\t\t<\/section>\n\t\t\t\t<section class=\"elementor-section elementor-top-section elementor-element elementor-element-416f10e elementor-section-boxed elementor-section-height-default elementor-section-height-default\" data-id=\"416f10e\" data-element_type=\"section\" data-e-type=\"section\">\n\t\t\t\t\t\t<div class=\"elementor-container elementor-column-gap-default\">\n\t\t\t\t\t<div class=\"elementor-column elementor-col-50 elementor-top-column elementor-element elementor-element-c8b1c9a\" data-id=\"c8b1c9a\" data-element_type=\"column\" data-e-type=\"column\">\n\t\t\t<div class=\"elementor-widget-wrap elementor-element-populated\">\n\t\t\t\t\t\t<div class=\"elementor-element elementor-element-7b8cfc1 elementor-widget elementor-widget-text-editor\" data-id=\"7b8cfc1\" data-element_type=\"widget\" data-e-type=\"widget\" data-widget_type=\"text-editor.default\">\n\t\t\t\t<div class=\"elementor-widget-container\">\n\t\t\t\t\t\t\t\t\t<h5 style=\"text-align: center;\">Smashy \u00e0 l&rsquo;\u00e9cole publique d&rsquo;Entrammes du 02\/11\/20 au 14\/12\/20.<\/h5><h5 style=\"text-align: center;\">2 classes de CE2\/CM1\/CM2 (41 enfants)<\/h5><h5 style=\"text-align: center;\">L&rsquo;\u00e9cole a pu b\u00e9n\u00e9ficier du kit smashy remis par la f\u00e9d\u00e9ration : 1 filet, 5 ballons et le classeur p\u00e9dagogique<\/h5>\t\t\t\t\t\t\t\t<\/div>\n\t\t\t\t<\/div>\n\t\t\t\t\t<\/div>\n\t\t<\/div>\n\t\t\t\t<div class=\"elementor-column elementor-col-50 elementor-top-column elementor-element elementor-element-f4bb195\" data-id=\"f4bb195\" data-element_type=\"column\" data-e-type=\"column\">\n\t\t\t<div class=\"elementor-widget-wrap elementor-element-populated\">\n\t\t\t\t\t\t<div class=\"elementor-element elementor-element-9a412e3 elementor-widget elementor-widget-text-editor\" data-id=\"9a412e3\" data-element_type=\"widget\" data-e-type=\"widget\" data-widget_type=\"text-editor.default\">\n\t\t\t\t<div class=\"elementor-widget-container\">\n\t\t\t\t\t\t\t\t\t<h5 style=\"text-align: center;\">Smashy \u00e0 l&rsquo;\u00e9cole Jules Ferry de Mayenne du 03\/11\/20 au 15\/12\/20.<\/h5><h5 style=\"text-align: center;\">2 classes de CM1\/CM2 (46 enfants)<\/h5><h5 style=\"text-align: center;\">L&rsquo;\u00e9cole a pu b\u00e9n\u00e9ficier du kit smashy remis par la f\u00e9d\u00e9ration : 1 filet, 5 ballons et le classeur p\u00e9dagogique<\/h5>\t\t\t\t\t\t\t\t<\/div>\n\t\t\t\t<\/div>\n\t\t\t\t\t<\/div>\n\t\t<\/div>\n\t\t\t\t\t<\/div>\n\t\t<\/section>\n\t\t\t\t<\/div>\n\t\t","protected":false},"excerpt":{"rendered":"<p>Planning des animations smashys Saison 2022\/2023 via ce lien \u00a0 Smashy \u00e0 l&rsquo;\u00e9cole publique d&rsquo;Entrammes du 02\/11\/20 au 14\/12\/20. 2 classes de CE2\/CM1\/CM2 (41 enfants) L&rsquo;\u00e9cole a pu b\u00e9n\u00e9ficier du [&hellip;]<\/p>\n","protected":false},"author":1,"featured_media":0,"parent":0,"menu_order":0,"comment_status":"closed","ping_status":"closed","template":"","meta":{"footnotes":""},"class_list":["post-385","page","type-page","status-publish","hentry"],"_links":{"self":[{"href":"https:\/\/comitevolley53.fr\/index.php\/wp-json\/wp\/v2\/pages\/385","targetHints":{"allow":["GET"]}}],"collection":[{"href":"https:\/\/comitevolley53.fr\/index.php\/wp-json\/wp\/v2\/pages"}],"about":[{"href":"https:\/\/comitevolley53.fr\/index.php\/wp-json\/wp\/v2\/types\/page"}],"author":[{"embeddable":true,"href":"https:\/\/comitevolley53.fr\/index.php\/wp-json\/wp\/v2\/users\/1"}],"replies":[{"embeddable":true,"href":"https:\/\/comitevolley53.fr\/index.php\/wp-json\/wp\/v2\/comments?post=385"}],"version-history":[{"count":16,"href":"https:\/\/comitevolley53.fr\/index.php\/wp-json\/wp\/v2\/pages\/385\/revisions"}],"predecessor-version":[{"id":2697,"href":"https:\/\/comitevolley53.fr\/index.php\/wp-json\/wp\/v2\/pages\/385\/revisions\/2697"}],"wp:attachment":[{"href":"https:\/\/comitevolley53.fr\/index.php\/wp-json\/wp\/v2\/media?parent=385"}],"curies":[{"name":"wp","href":"https:\/\/api.w.org\/{rel}","templated":true}]}}